.
-7
Let p(x) = -x**2 + 4*x + 3. Let f be (10/4 + -4)*-4. What is p(f)?
-9
Let t(y) = y**3 + 6*y**2 + y + 8. Let v be t(-6). Suppose -5 = -4*p + 3. Let g(w) = p - 5*w**3 + 19*w**3 - 13*w**3 - 2*w**2. What is g(v)?
2
Let g(k) = -5*k**2 - 1. Let x(a) = a**2. Let u(v) = g(v) + 6*x(v). Calculate u(1).
0
Let z = -2 + 3. Let y(t) = -9*t**2 - 15*t + 2. Let s(l) = -5*l**2 - 8*l + 1. Let u(x) = 11*s(x) - 6*y(x). What is u(z)?
0
Let l(g) = -g + 14. Let o be l(10). Let i(p) be the first derivative of -2 + 1/2*p**2 + o*p. Calculate i(-3).
1
Let i(a) be the first derivative of -11*a**4/4 - 2*a**3/3 - a**2 - a - 58. What is i(-1)?
10
Suppose 5*d + 0*d = 10. Let m(b) = 4*b - 3*b + 1 + b**d + 1 + 0*b**2. Determine m(-2).
4
Let l(c) be the second derivative of c**8/6720 - c**7/360 + c**6/120 + c**5/24 + c**4/12 - c. Let m(y) be the third derivative of l(y). Determine m(6).
5
Let t(b) be the first derivative of b**4/4 + b**3/3 - b**2/2 + b - 48. Calculate t(0).
1
Suppose 3*t - 6*t - 9 = 0. Let w(z) be the first derivative of z**4/4 + 4*z**3/3 + 3*z**2/2 + 2*z - 20. Determine w(t).
2
Suppose -3*a - 4*l + 0 - 3 = 0, 3 = -3*a - 2*l. Let z(x) be the second derivative of 2/3*x**3 + x - 1/2*x**2 + 0. Calculate z(a).
-5
Let z(j) = -3*j - 34 + 38 + j**2 - 3*j. Suppose -2*i - i = -9. Suppose 0 = 4*s + i*f - 35, 5*f - 13 = -4*s + 32. Determine z(s).
-1
Let o(s) be the first derivative of s**7/840 + s**6/60 + s**5/120 + s**4/8 - 5*s**3/3 - 1. Let b(r) be the third derivative of o(r). Give b(-6).
-3
Let f = 9 + -5. Let y(h) = 5*h - h**3 + 5*h**2 + h - 9*h. What is y(f)?
4
Let t(u) = u + 7. Suppose 0 = 5*o + a + 26, 3*o - 8*o + 4*a = 46. Give t(o).
1
Let m = 4 - -1. Let v(s) = -2*s**2 + m*s + 3 + 1 - 2*s + s**2. What is v(3)?
4
Let k(s) = -s**2 + 5*s + 1. Let i be ((-15)/12)/(4/(-48)). Suppose 0 = -3*g + i. Calculate k(g).
1
Let q(b) = -11*b - b + 13*b + 7. Give q(-3).
4
Let x(k) be the second derivative of -k**6/720 + k**5/40 + k**4/4 + 4*k. Let y(j) be the third derivative of x(j). Give y(5).
-2
Let p(u) = -u - 11. Let y(t) = t**2 - 6*t + 9. Let q be y(6). Let h = 21 + q. Suppose 0 = -9*v + 4*v - h. Determine p(v).
-5
Let f = 14 - 13. Let o(k) = -5 - 2*k + f - 1 + 7. What is o(-6)?
14
Let t be 1/((-4)/6 - -1). Suppose -23 = 5*y - o, 2*o = 4*y - t*o + 31. Let h = 1 + y. Let m(x) = -x**3 - 3*x**2 - 2*x + 4. Determine m(h).
10
Let a(d) = -d**3 - 6*d**2 - 5*d + 5. Suppose -4*g - 5*i - 15 = 0, g = -6*i + i. What is a(g)?
5
Let q(y) = -2*y - 4. Suppose 4*v - 30 = -v. What is q(v)?
-16
Let x(h) = 5*h**2 + 2*h + 1. Let b be x(-1). Let u be 0/(2/4*b). Let c(j) = j + 6. Give c(u).
6
Let i(y) = y - 1. Let l be i(6). Let v(c) = -c**3 + c**2 + 0 - l + 3. Give v(0).
-2
Let n(j) = j**3 - 2*j + 3. Let z(l) = -l**3 + 2*l**2 - 1. Let v be z(2). Let m be v/(-2*3/12). Calculate n(m).
7
Suppose -21 = -6*r + 9*r. Let p(n) = -n**3 - 6*n**2 + 6*n + 4. Determine p(r).
11
Let c(j) = 2*j - 1. Let q be -1 - (-9)/2*-4. Let i = -23 - q. Calculate c(i).
-9
Let v(a) = -a. Let s be v(5). Let d(c) be the first derivative of -5 + 6*c + 1/2*c**2. Calculate d(s).
1
Let h be ((-5)/4)/((-2)/(-8)). Let j(k) = k - 24. Let o(b) = 6 - 5 + 4. Let f(p) = 2*j(p) + 11*o(p). Determine f(h).
-3
Let m = 68 - 68. Let p(f) = -f**3 - f + 9. Determine p(m).
9
Let v(h) = 1. Let q(j) = -2*j - 2. Let p(r) = -q(r) + v(r). What is p(-2)?
-1
Let g = -18 - -18. Let s(m) be the third derivative of -1/60*m**5 + 1/24*m**6 + 1/24*m**4 + 0 + g*m + 1/6*m**3 - 2*m**2. Calculate s(-1).
-6
Let p(x) be the second derivative of 5*x**3/6 + x**2 + 22*x. Determine p(3).
17
Let c be 14/4*8/7. Let h(u) = -u**3 + 4*u**2 + 1. Give h(c).
1
Let r(q) = q**3 + 3*q**2 - 5*q - 3. Let x be r(-4). Let i(s) = 5 - 4 + 2*s + 2*s. What is i(x)?
5
Let y(d) = -d**3 + d**2 + d. Suppose 3*p + 5*a - 2 = 4*p, 0 = 2*a - 2. What is y(p)?
-15
Suppose 0 = 4*x - 10 - 6. Let q(o) = o**2 + 3. Give q(x).
19
Suppose d = 2*d - 2. Let j(a) = 13 + 13*a + d*a**2 - 4*a**3 - a**3 + 5*a**2. Let h(w) = w**3 - 2*w**2 - 3*w - 3. Let b(n) = -9*h(n) - 2*j(n). Determine b(-3).
7
Let c(g) = 11*g - 4*g - 2 + 3 + 0*g. Give c(-1).
-6
Let t(j) = j**3 - 2*j**2 - 2*j - 2. Let u = -7 + 11. Suppose u = 3*g + w, 4*g - w - 5 = 12. What is t(g)?
1
Suppose -2*d - 2*d - 4 = 0. Suppose -2*a - 60 = -7*a. Let j(g) = -10 - 13 - 13 - a*g + 35. Give j(d).
11
Let r(h) = 3*h**2 + 11*h - 9. Let t(v) be the third derivative of -v**5/60 - v**4/4 + 5*v**3/6 + 2*v**2. Let x(b) = 2*r(b) + 5*t(b). Calculate x(5).
-8
Suppose -6 = 4*r - 2*r. Let i(w) = -w**3 - 3*w**2 - w + 1. Let s be i(r). Suppose 0 = 2*z - s*z. Let p(l) = -l - 2. Determine p(z).
-2
Let j(f) = -5*f + 4. Let p(k) = -k - 1. Let s(h) = j(h) - 3*p(h). Suppose 5*o + 49 = 4*n, -2*n + o = 3*n - 35. Determine s(n).
-5
Let h(y) = y**3 - 6*y**2 + y - 1. Suppose 0 = -2*z + 2 + 24. Let v = 19 - z. What is h(v)?
5
Let w = -16 + 17. Let m(h) = -6*h. Calculate m(w).
-6
Let h = -7 - -13. Let q(f) = f**3 - 7*f**2 + 7*f + 2. Determine q(h).
8
Let a(r) = r**3 - 5*r**2 - r + 3. Suppose -p - p = -6. Suppose -3 + 22 = -2*q + 5*c, -2*c + 1 = -p*q. Let b be -1 + -1 + 21/q. Give a(b).
-2
Let z(h) = -3*h**3 - 10*h**2 + 3*h + 13. Let c(n) = 2*n**3 + 5*n**2 - 2*n - 7. Let q(f) = -5*c(f) - 3*z(f). Determine q(4).
16
Let m(l) = l**3 - 8*l**2 + 7*l - 3. Let c(h) = -h**2 + 7*h - 5. Let n be c(4). Calculate m(n).
-3
Let t(j) be the second derivative of j**4/12 - 7*j**3/6 - 2*j. What is t(5)?
-10
Let x(p) be the first derivative of -p**5/60 - p**4/6 + p**3/2 + 2*p**2 + 2. Let j(w) be the second derivative of x(w). Give j(2).
-9
Let w(l) = -5*l + 3*l + 34 - 38. What is w(3)?
-10
Let k(q) = -q + 2. Suppose 0*i = 2*i - 2*o + 4, -4*o = 8. Let h(s) = -s**3 - 3*s**2 + 4*s + 2. Let l be h(i). Let r be (-2)/1*(3 - l). Determine k(r).
4
Let p(u) = 6*u**2 + 6*u + 2. Suppose 0*j + 8 = -2*j. Let z(c) = -5*c**2 - 5*c - 2. Let h(r) = j*p(r) - 5*z(r). Determine h(0).
2
Let l(k) = 1 + 0*k + 2*k + 7. Calculate l(-6).
-4
Let f be -1 - -2 - 1*-2. Let v(s) = 5 - f*s**2 + 6*s**2 + 0*s**3 - s**3. What is v(4)?
-11
Suppose -3*z + z = 0. Let v(b) be the first derivative of -b**4/4 + 7. Calculate v(z).
0
Suppose -3*s = -16 - 47. Suppose -p - 5*g = 23, 3*p + 3*g + s = -0*p. Let n(m) = 5 + 3*m - 2*m - 3. What is n(p)?
-1
Let z(f) = -7*f + 4 + 11*f - 6*f - 3. Give z(3).
-5
Let x(i) = i**2 - 8*i + 7. Let l be -1*(-2 - -3)*25. Let c = -12 - l. Let j = -8 + c. Calculate x(j).
-8
Let j(c) be the first derivative of c**4/4 + 7*c**3/3 + 4*c**2 - c + 16. Calculate j(-6).
-13
Suppose d - 8 = 3*d. Let g(q) = 13 - q - q - 3*q. Let t(c) = -c + 1. Let k(h) = d*t(h) + g(h). What is k(4)?
5
Let x(v) be the second derivative of -1/6*v**3 + 0 + 9/2*v**2 + 5*v. Give x(6).
3
Let c(f) be the first derivative of f**4/4 - 4*f**3/3 + f**2 + f - 51. What is c(4)?
9
Let j(z) = -8 - 3 - z + 4 - 4. Determine j(-6).
-5
Let n(u) be the second derivative of u**5/20 + 5*u**4/12 - 7*u**3/6 - 3*u**2/2 + 21*u. Give n(-6).
3
Let q(w) = -w**2 - 5*w - 4 + 20 - 10. What is q(-5)?
6
Suppose -3*s + 8 = -1. Let a(m) = 4*m**2 - 3*m + 1. Let v(x) = 5*x**2 - 2*x + 1. Let t(o) = s*v(o) - 4*a(o). Determine t(5).
4
Let h(k) = -9 + 2*k**2 + k - 3*k**2 + 4*k + 4. What is h(4)?
-1
Let j(h) = 4*h - 1. Let i be 36/(-30) - 2/(-10). What is j(i)?
-5
Let f(j) = 5*j + j**2 + 4 + 0*j**2 + 0*j**2. What is f(-4)?
0
Let z be -5 + (-3 - -6) + 7. Let n(i) = i**2 - i - 6. Let w(g) = -2*g**2 + g + 13. Let q(j) = z*n(j) + 2*w(j). Suppose 0*s = -3*s + 9. Determine q(s).
-4
Let y(m) = 15*m**2 + 8*m + 1. Let d(f) = 7*f**2 + 4*f. Let h(l) = 13*d(l) - 6*y(l). Give h(-5).
-1
Let k(h) = -7*h - 2. Let z(d) = d. Let w be 4/(-6) + 4/6. Let a = -1 + w. Let o(b) = a*k(b) - 6*z(b). Determine o(0).
2
Suppose 4 = 5*o + 2*g - 2, 3*o = -3*g. Let p(u) = -6*u**2 + 3 - o - u**3 + 0*u**3 - 4*u + 0*u**2. What is p(-5)?
-4
Let k(t) = -5 - t + 3 - 10 + 0. Calculate k(-6).
-6
Suppose 5*y = 5*i, -i - 3*y - 2*y = -12. Suppose i*v = -2*v. Let z(u) = -u**3 + u + 4. Determine z(v).
4
Suppose 0 = l + 4 + 3. Let u(k) = 3*k + 3. Let v(z) = -5*z - 5. Let h(r) = l*u(r) - 4*v(r). Calculate h(-5).
4
Let h(g) be the first derivative of g**2/2 + 3*g + 2. Determine h(-4).
-1
Let t(l) = l**3 + 25*l**2 - 27*l - 21. Let q be t(-26). Let n(v) be the first derivative of 1 + v - 1/2*v**2. Determine n(q).
-4
Let j(w